{"id":99,"date":"2023-02-25T13:09:22","date_gmt":"2023-02-25T13:09:22","guid":{"rendered":"https:\/\/elcartel.org\/?page_id=99"},"modified":"2023-02-25T17:19:16","modified_gmt":"2023-02-25T17:19:16","slug":"que-hacemos","status":"publish","type":"page","link":"https:\/\/elcartel.org\/?page_id=99","title":{"rendered":"Que hacemos"},"content":{"rendered":"\n<p>En la Corporaci\u00f3n Cultural El Cartel desde 1999 trabajamos en programas, proyectos y alianzas encaminadas a promover el bienestar creativo, el desarrollo del sector cultural, la promoci\u00f3n de derechos y la cultura ciudadana. <\/p>\n\n\n\n<p>Buscamos facilitar el acceso a la oferta de bienes y servicios culturales, dise\u00f1o de experiencias relacionadas con la alegr\u00eda, la estimulaci\u00f3n creativa, el sentido de pertenencia y la creaci\u00f3n de oportunidades por una sociedad m\u00e1s abierta para ni\u00f1as, ni\u00f1os y j\u00f3venes.  <\/p>\n\n\n\n<figure class=\"wp-block-image size-large\"><img loading=\"lazy\" decoding=\"async\" width=\"1024\" height=\"583\" src=\"http:\/\/elcartel.org\/wp-content\/uploads\/2023\/02\/nos-1024x583.png\" alt=\"\" class=\"wp-image-155\" srcset=\"https:\/\/elcartel.org\/wp-content\/uploads\/2023\/02\/nos-1024x583.png 1024w, https:\/\/elcartel.org\/wp-content\/uploads\/2023\/02\/nos-300x171.png 300w, https:\/\/elcartel.org\/wp-content\/uploads\/2023\/02\/nos-768x437.png 768w, https:\/\/elcartel.org\/wp-content\/uploads\/2023\/02\/nos-1536x875.png 1536w, https:\/\/elcartel.org\/wp-content\/uploads\/2023\/02\/nos-1200x683.png 1200w, https:\/\/elcartel.org\/wp-content\/uploads\/2023\/02\/nos.png 1545w\" sizes=\"(max-width: 1024px) 100vw, 1024px\" \/><\/figure>\n","protected":false},"excerpt":{"rendered":"<p>En la Corporaci\u00f3n Cultural El Cartel desde 1999 trabajamos en programas, proyectos y alianzas encaminadas a promover el bienestar creativo, el desarrollo del sector cultural, la promoci\u00f3n de derechos y la cultura ciudadana. Buscamos facilitar el acceso a la oferta de bienes y servicios culturales, dise\u00f1o de experiencias relacionadas con la alegr\u00eda, la estimulaci\u00f3n creativa, [&hellip;]<\/p>\n","protected":false},"author":1,"featured_media":0,"parent":0,"menu_order":0,"comment_status":"closed","ping_status":"closed","template":"","meta":{"om_disable_all_campaigns":false,"_monsterinsights_skip_tracking":false,"_monsterinsights_sitenote_active":false,"_monsterinsights_sitenote_note":"","_monsterinsights_sitenote_category":0,"footnotes":""},"aioseo_notices":[],"_links":{"self":[{"href":"https:\/\/elcartel.org\/index.php?rest_route=\/wp\/v2\/pages\/99"}],"collection":[{"href":"https:\/\/elcartel.org\/index.php?rest_route=\/wp\/v2\/pages"}],"about":[{"href":"https:\/\/elcartel.org\/index.php?rest_route=\/wp\/v2\/types\/page"}],"author":[{"embeddable":true,"href":"https:\/\/elcartel.org\/index.php?rest_route=\/wp\/v2\/users\/1"}],"replies":[{"embeddable":true,"href":"https:\/\/elcartel.org\/index.php?rest_route=%2Fwp%2Fv2%2Fcomments&post=99"}],"version-history":[{"count":15,"href":"https:\/\/elcartel.org\/index.php?rest_route=\/wp\/v2\/pages\/99\/revisions"}],"predecessor-version":[{"id":157,"href":"https:\/\/elcartel.org\/index.php?rest_route=\/wp\/v2\/pages\/99\/revisions\/157"}],"wp:attachment":[{"href":"https:\/\/elcartel.org\/index.php?rest_route=%2Fwp%2Fv2%2Fmedia&parent=99"}],"curies":[{"name":"wp","href":"https:\/\/api.w.org\/{rel}","templated":true}]}}